posite number?
True
Is 2192973353 a prime number?
True
Is 764718547 a prime number?
True
Is 827322737 composite?
True
Is 4256818831 a composite number?
True
Is 13857834007 a prime number?
True
Is 4810768717 composite?
False
Is 10242511843 a composite number?
False
Is 13534149077 composite?
True
Is 1475670143 prime?
True
Is 13126172239 composite?
False
Is 493568163547 a composite number?
False
Is 1426981117 composite?
False
Is 2876333051 a composite number?
True
Is 57573869 a prime number?
True
Is 229921093 prime?
False
Is 25400162321 composite?
False
Is 2253310399 prime?
False
Is 6925250887 prime?
False
Is 16958474821 prime?
False
Is 245595739 prime?
False
Is 26959079947 composite?
True
Is 1727596653 a composite number?
True
Is 22002520483 composite?
False
Is 83699639 a prime number?
False
Is 171946263 a composite number?
True
Is 421618453 a composite number?
False
Is 123359103317 composite?
False
Is 1325770451 a prime number?
True
Is 794873551 a composite number?
False
Is 16992625495 a composite number?
True
Is 663658979 a prime number?
True
Is 155040796057 composite?
True
Is 19189426939 prime?
False
Is 631694029 composite?
True
Is 1895222323 prime?
True
Is 15152740259 a composite number?
False
Is 1469663317 composite?
False
Is 3217687153 composite?
False
Is 29962092491 composite?
False
Is 31688626173 prime?
False
Is 344016419 prime?
True
Is 771197953 prime?
False
Is 5599773393 prime?
False
Is 7062475054 composite?
True
Is 427872707 prime?
True
Is 141610957 prime?
True
Is 336803567 a prime number?
True
Is 325396961 prime?
False
Is 9659424241 a composite number?
True
Is 255701101 prime?
False
Is 7189582423 composite?
False
Is 928405663 a prime number?
False
Is 1232283011 composite?
True
Is 158872639 composite?
True
Is 38048109383 a prime number?
False
Is 19586615267 composite?
False
Is 1655479169 prime?
True
Is 426026317 a prime number?
True
Is 3944998787 prime?
False
Is 1301987009 a composite number?
True
Is 3192043213 prime?
True
Is 8211868279 composite?
False
Is 1882600131 prime?
False
Is 6571585939 prime?
False
Is 66876500101 a composite number?
True
Is 2107159441 a prime number?
True
Is 45742482841 a composite number?
True
Is 3319402943 composite?
True
Is 6897193489 prime?
False
Is 17451397 composite?
True
Is 887258617 a prime number?
False
Is 14867369239 a prime number?
False
Is 80517379 a composite number?
True
Is 3288882638 a prime number?
False
Is 72000024617 a composite number?
False
Is 70351624789 a prime number?
True
Is 5417399165 composite?
True
Is 63290327941 a composite number?
False
Is 15113131907 a composite number?
False
Is 4185762437 prime?
True
Is 58214960467 a prime number?
True
Is 6847987057 prime?
False
Is 22179184189 prime?
False
Is 8708942317 a composite number?
True
Is 1225391361 a prime number?
False
Is 875540923 prime?
True
Is 11830327921 a composite number?
False
Is 97517307103 prime?
False
Is 3367134931 a composite number?
True
Is 39741588881 composite?
True
Is 4512285637 composite?
False
Is 1639672949 composite?
False
Is 884368627 a composite number?
False
Is 126771787 a prime number?
False
Is 56158741 prime?
False
Is 28766441533 a prime number?
False
Is 488156693 a prime number?
True
Is 410526967 a prime number?
True
Is 2265858703 prime?
False
Is 83749427 composite?
False
Is 580981211 composite?
False
Is 343842298 a composite number?
True
Is 3054955247 prime?
True
Is 1842365933 prime?
False
Is 3899632151 composite?
True
Is 8263578691 a prime number?
False
Is 619954741 composite?
True
Is 360034271 prime?
True
Is 4819947881 a composite number?
True
Is 1182908563 a composite number?
False
Is 312223739 prime?
True
Is 11814298343 a composite number?
True
Is 650968487 a prime number?
False
Is 6613163339 a composite number?
False
Is 40985937493 composite?
False
Is 22780806709 prime?
True
Is 70757852921 composite?
True
Is 287564821 composite?
False
Is 1254510683 prime?
True
Is 11543634989 prime?
False
Is 53496357479 a composite number?
False
Is 1106436433 composite?
False
Is 7061620649 a prime number?
False
Is 1477878707 prime?
False
Is 98803791709 a composite number?
True
Is 5605552399 a composite number?
False
Is 1612663799 a composite number?
True
Is 1982195203 prime?
True
Is 29572261981 a prime number?
True
Is 684221539 prime?
False
Is 4401950261 prime?
True
Is 12943920623 prime?
False
Is 28112173 a composite number?
False
Is 26854819 prime?
True
Is 70450572959 prime?
False
Is 1701244913 a composite number?
False
Is 5483561341 a prime number?
False
Is 117196245821 composite?
True
Is 262925093 composite?
False
Is 1695918689 a prime number?
True
Is 4297946329 a prime number?
True
Is 24652216601 composite?
False
Is 4916704817 composite?
False
Is 354886031 composite?
False
Is 3511844597 prime?
False
Is 1097613437 a prime number?
True
Is 2286784777 a composite number?
False
Is 113740537 prime?
False
Is 1641104363 composite?
True
Is 18019006013 a prime number?
True
Is 2321356623 prime?
False
Is 22091224258 a prime number?
False
Is 1559322367 a composite number?
True
Is 1076607601 a composite number?
False
Is 59176873303 prime?
True
Is 1410080797 prime?
True
Is 2427513079 prime?
False
Is 3926291951 a prime number?
False
Is 11406150073 composite?
True
Is 6581359913 prime?
False
Is 13558512823 a prime number?
False
Is 1171170943 composite?
True
Is 81789800597 prime?
False
Is 42078402469 composite?
True
Is 1938280601 a prime number?
False
Is 429196407 composite?
True
Is 120103537 a composite number?
False
Is 1711107779 composite?
True
Is 341259803 prime?
False
Is 586467289 prime?
True
Is 150683080259 a composite number?
False
Is 371719511 a composite number?
True
Is 208801039 a prime number?
False
Is 27461186849 a prime number?
False
Is 110504175101 a prime number?
False
Is 9172629937 a composite number?
False
Is 22276191989 a prime number?
True
Is 1116419099 prime?
True
Is 6384033241 composite?
False
Is 91348656107 a prime number?
False
Is 502793953 a prime number?
True
Is 107257025905 prime?
False
Is 293815903 composite?
False
Is 89157607987 composite?
True
Is 44568640261 a prime number?
True
Is 4662203941 a prime number?
True
Is 13946065897 prime?
False
Is 441096121 prime?
False
Is 21512429773 a composite number?
False
Is 365290183 prime?
False
Is 16040223443 prime?
True
Is 43875641807 composite?
False
Is 2335077293 a prime number?
True
Is 75153497971 a composite number?
False
Is 3678313553 prime?
True
Is 168150818333 composite?
False
Is 747014018 prime?
False
Is 243184481 prime?
True
Is 104244539747 a prime number?
True
Is 7479257339 a prime number?
False
Is 45146588039 composite?
True
Is 11077429631 composite?
True
Is 143361863321 a prime number?
False
Is 1389224171 composite?
True
Is 44764079809 a composite number?
False
Is 186672371 a prime number?
True
Is 23341718113 a composite number?
True
Is 1016473603 prime?
False
Is 5707351795 composite?
True
Is 168300621589 a composite number?
False
Is 55151506687 prime?
True
Is 17723114777 composite?
False
Is 54905298233 a composite number?
False
Is 1604512643 composite?
True
Is 155240927 a composite number?
False
Is 672716981 a prime number?
True
Is 30451398547 prime?
True
Is 9726169253 prime?
False
Is 434950513 prime?
True
Is 75082240091 a composite number?
False
Is 920617651 prime?
False
Is 57765359 a composite number?
True
Is 183625026917 composite?
False
Is 148572911857 composite?
False
Is 1103074927 prime?
True
Is 561621331 composite?
False
Is 6361998029 a prime number?
True
Is 3086134517 a composite number?
True
Is 2751819817 a prime number?
True
Is 3096528691 a composite number?
False
Is 4071331 a composite number?
True
Is 1119751658 prime?
False
Is 516613717 prime?
True
Is 149025221 composite?
False
Is 65230457 prime?
True
Is 1451329723 composite?
False
Is 17915902951 a prime number?
False
Is 2204592261 a composite number?
True
Is 9368806621 a composite number?
True
Is 601748731 a prime number?
True
Is 18596540563 a prime number?
False
Is 768348167 a prime number?
False
Is 19903781 composite?
True
Is 49225027505 prime?
False
Is 2051157917 prime?
False
Is 2207804381 prime?
False
Is 23870106083 composite?
False
Is 2778746401 a composite number?
True
Is 15035326199 a composite number?
False
Is 8714707231 prime?
True
Is 5858929 prime?
False
Is 1353007247 composite?
Fa